Let o = 20 + 10. Let f = o - 7. Suppose -3*v + 4*z = -46, -z - f = -2*v - 6*z. Is 7 a factor of v?
True
Let l(m) = m**3 - 11*m**2 + 6*m - 6. Is 20 a factor of l(11)?
True
Suppose 3*k = -3*o + 150, -3*k + 3*o + 180 = -0*o. Is k a multiple of 11?
True
Suppose -5*h = -5, 0 = -2*c + 7*c + 5*h - 320. Is 18 a factor of c?
False
Let k(v) = -v**3 - 7*v**2 - v - 30. Is k(-8) a multiple of 14?
True
Let f(h) = h**2 - 2*h - 4. Suppose -g = 4*b - 22, g = 3*g + 2*b - 14. Let w be g + -1 + (5 - 2). Is f(w) even?
True
Suppose -5 = -4*d + 15. Suppose d*o = o + 32. Is 5 a factor of o?
False
Let z = -59 - -108. Is z a multiple of 5?
False
Suppose 6*c = 4*c + 186. Is c a multiple of 31?
True
Let u = -10 + 7. Let p = u - -6. Suppose -4*z - 3*r + 80 = 0, 3*z - 5*r + p*r = 43. Is 7 a factor of z?
False
Let c(o) = -o. Let d be c(-6). Suppose 6*k - 8 = 4*k. Let r = k + d. Does 10 divide r?
True
Suppose 0 = -6*x + 2*x + 12. Suppose 4 = -x*c - 8. Does 7 divide -1 + 14 + (c - -6)?
False
Let x be 2/(2/(2 + 6)). Let s = -45 + 65. Suppose -5*l = -u - s, 0*u + u + x = l. Is l a multiple of 2?
False
Let p = -9 - 11. Let u = p + 42. Is u a multiple of 10?
False
Let k(u) = -5*u - 9. Does 8 divide k(-5)?
True
Suppose r + 126 = 4*r. Does 10 divide r?
False
Suppose 0 = 4*z - w - 1564, -1645 = -4*z - 3*w - 65. Is z a multiple of 28?
True
Let x(r) be the third derivative of r**8/5040 + r**7/1680 - r**6/180 - r**5/60 - 2*r**2. Let s(u) be the third derivative of x(u). Is s(-3) a multiple of 10?
False
Let n = -14 + 36. Is 11 a factor of n?
True
Let t = -6 + 10. Does 4 divide t?
True
Let c = -69 + 32. Suppose 5*f - w = -4*w - 265, 0 = 4*w. Let s = c - f. Is 8 a factor of s?
True
Let l(o) = 2*o + 7. Let t be (-2 - (0 + -7))/1. Does 9 divide l(t)?
False
Let k(v) = -v**3 - 3*v**2 - 5*v - 3. Let c(r) = r**2 + 6*r + 5. Let i be c(-4). Is 12 a factor of k(i)?
True
Suppose 92 = 3*i + 2*p - 7*p, -3*p = -4*i + 108. Is 7 a factor of i?
False
Let r = 29 - -9. Does 19 divide r?
True
Suppose 0 = -2*o - 4, -5*o = -u + 8 + 4. Suppose -7*n = -u*n - 10. Suppose -50 = -3*d - 2*b, n*d + 4*b - 15 = 5. Is 7 a factor of d?
False
Let y = 362 + -147. Is 13 a factor of y?
False
Let p be 2 - 6/4*-2. Suppose 0 = p*c + l - 83, -4*l + 95 = 5*c + 18. Is 12 a factor of c?
False
Suppose 215 - 775 = -14*l. Is 9 a factor of l?
False
Let c(w) = 10*w + 3. Let i be c(9). Let n = 211 - i. Is n a multiple of 32?
False
Let b(n) = 7*n - 8. Suppose 0 = -0*f + 3*f - 36. Is 19 a factor of b(f)?
True
Suppose 0*n - n - 5 = 3*k, 0 = k - 5*n - 25. Suppose -2*u + 5*u - 15 = k. Suppose -4*v - 97 = -5*c, c + 2*c - u*v = 66. Does 7 divide c?
False
Let s = -22 + 68. Is 8 a factor of (-2)/(-6) + s/6?
True
Let c = -4 - -8. Suppose -3*g - 2*r + 3 = -59, g = -c*r + 34. Does 6 divide g?
True
Suppose -3*m - 144 = -6*m. Does 12 divide m?
True
Let k = -66 + 121. Is k a multiple of 19?
False
Suppose s - 5*n = 55, -5 = 2*n + 1. Is 20 a factor of s?
True
Suppose 2*n = -n - 3, 3*t + 5*n = 658. Suppose -5*h + t = 3*r, 4*h - 5*r = -0*r + 199. Is 12 a factor of h?
False
Let n be (-3)/12 + (-63)/(-12). Suppose -n*j + 37 = 2. Does 7 divide j?
True
Let q = 16 + 73. Is q a multiple of 8?
False
Suppose -3*p + 5 - 2 = 0. Let r = 3 + p. Is (0 - 22)*(-2)/r a multiple of 6?
False
Suppose 4*h + 8 - 28 = 0, z = 4*h - 14. Is 5 a factor of z?
False
Suppose -4*s - 153 = 3*q, 5*q + 51 = -s - 0*q. Is 8 a factor of (s - 0)/(2/(-1))?
False
Let m(p) = -2*p + 2. Let c(f) = 1. Let o(x) = -6*c(x) - m(x). Is 4 a factor of o(8)?
True
Let y(j) be the second derivative of j**3/3 + 5*j**2/2 - 2*j. Let v be y(-10). Does 13 divide -2 + (-1)/(1/v)?
True
Suppose -3*i + a - 94 = -27, -2*i + a = 44. Let j = 35 + i. Is j a multiple of 6?
True
Suppose 0 = 2*l + 5*j - 20 - 49, 5*j + 225 = 5*l. Is l a multiple of 10?
False
Suppose 4 = -2*i - 20. Is 19 a factor of -3*128/i - -1?
False
Let n be 2/(-3)*-3*-2. Is 12 a factor of (-23)/(-1) - (3 + n)?
True
Let p be 2/7 - 4/14. Suppose p*s = -2*s + 166. Is s a multiple of 27?
False
Let m be (-4)/(-14) + 64/(-28). Let u(h) = 11*h**2. Let x be u(m). Let w = x + -6. Is w a multiple of 18?
False
Let c = -7 + 21. Does 8 divide c?
False
Is (559/52)/(2/8) a multiple of 10?
False
Let z = 0 + 0. Suppose z = 2*l - 61 - 71. Is l a multiple of 14?
False
Suppose -4*v - 9 = -33. Let l be (-3)/v + (-1)/(-2). Let y(d) = -d**3 + d**2 + d + 17. Is y(l) a multiple of 8?
False
Suppose 0*p - p - 4 = 0, x - 2*p - 11 = 0. Suppose 0 = x*o + o - 132. Does 11 divide o?
True
Let i be 5/(5/3) - -2. Let o = i + 66. Is o a multiple of 12?
False
Does 6 divide -15 + 19 - 1*8*-7?
True
Let w be 0 + 12 - (1 + 0). Suppose -2*t - x = -4*t + w, 0 = 2*t - 4*x + 4. Let y = t + 23. Is y a multiple of 11?
False
Let c(b) = b - 1. Let x be c(5). Suppose -3*z = -x*m + 2*z + 24, 4*z = 0. Is m a multiple of 3?
True
Suppose -a + 2*d - 23 = -6*a, -d = -4. Suppose a = -2*r + 43. Is 15 a factor of r?
False
Let i = -8 - -13. Let a be (-4)/(-14) + i/7. Is (14/6)/(a/15) a multiple of 19?
False
Let f(g) = g**2 + 3*g - 10. Let x be f(-6). Let m = x + 4. Is m a multiple of 12?
True
Let y = 154 - 72. Is y a multiple of 9?
False
Let z(l) = -l**2 + 7*l - 6. Let m be 88/14 + (-4)/14. Let y be z(m). Suppose 5*g - 16 - 14 = y. Does 6 divide g?
True
Suppose -5*n - 8 = -23, -4*i + 79 = n. Suppose b + 8 - i = 0. Is 11 a factor of b?
True
Let m be (-15)/2*(-24)/36. Suppose -w = -2*w - m*y - 3, 4*w + y - 45 = 0. Is 4 a factor of w?
True
Let j be (-72)/(-10) - (-6)/(-30). Is 8 a factor of j - (-2 + 0)/2?
True
Let o be -4 + 1 + (4 - -6). Suppose 5 = 3*y - o. Does 2 divide y?
True
Let p(x) = x**3 - 4*x**2 + 2. Does 13 divide p(5)?
False
Let l = 22 + -7. Is ((-6)/l)/((-2)/190) a multiple of 19?
True
Let r = 14 + -9. Suppose 5*h - h = 3*u + 47, r*h - u = 45. Is h a multiple of 5?
False
Let v = 5 - 4. Let k be -3 + 4 + (v - -2). Suppose 0*z = -k*z + 36. Is 9 a factor of z?
True
Let s be (-363)/(-6) + 2/(-4). Let x = s - 114. Is x*(5/(-3) - -1) a multiple of 14?
False
Let k be 23/(-4) - 6/24. Let r = 1 - k. Is 7 a factor of r?
True
Suppose 0 = 5*i + 25, -t - 5*i + 395 = 4*t. Suppose 0*x - t = -4*x. Is x a multiple of 14?
False
Suppose 0 = 3*g + 2*k + 18 + 12, 3*g - k + 30 = 0. Let d = g - -26. Suppose 2*u = 5*y - 114, 5*y - 4*u - 124 = -d. Does 11 divide y?
False
Let g = 20 - 12. Let d(n) = -n**2 + 8*n + 2. Let q be d(g). Suppose 20 = q*u - 2*c, -4*u + 0*c + 56 = 4*c. Does 6 divide u?
True
Let h = -3 + 6. Suppose -z + 145 = x, -2*x + h*x - 1 = 0. Suppose -z - 57 = -3*n. Is 24 a factor of n?
False
Suppose 0 = 2*a - r - 45 - 76, 0 = -a - r + 59. Is 20 a factor of a?
True
Suppose -5*y + 765 = -1635. Is y a multiple of 24?
True
Let j(n) = 15*n + 3. Let s = -5 + 9. Does 25 divide j(s)?
False
Suppose 14*n = 5*n + 198. Is n a multiple of 11?
True
Let c(y) = -y**2 + 4*y + 1. Let a be c(2). Let b = 13 + a. Let t = -6 + b. Is 12 a factor of t?
True
Let g = -13 + 43. Does 21 divide g?
False
Let z(h) = 6*h - 14. Let u be z(10). Suppose g - k = 24 + 13, -g = -4*k - u. Suppose -5*l - g = -144. Is 18 a factor of l?
False
Does 12 divide (-84)/2*(-18)/21?
True
Suppose 5*f - 1 = v + 9, -v + 4 = 2*f. Suppose v = c - 6*c + 315. Is 21 a factor of c?
True
Suppose 7*p - 2*p = 160. Suppose 0 = v - 3, -3*m + 2*m + 3*v - 29 = 0. Let n = m + p. Does 6 divide n?
True
Let i(w) = 5 + 5*w - 2 - 3*w. Let d = -4 - -7. Is i(d) a multiple of 4?
False
Suppose 2*o - 30 = 3*u - u, 0 = o - 5*u - 19. Is o a multiple of 13?
False
Let w(v) be the third derivative of -1/20*v**5 + 0 - 1/8*v**4 - 1/120*v**6 + 0*v + 2*v**2 + 1/6*v**3. Is 10 a factor of w(-3)?
True
Let l be -21*1/6*-2. Let v = l - 11. Let p(i) = i**3 + 5*i**2 + 3*i + 2. Does 2 divide p(v)?
True
Let p(k) = k**3 + 7*k**2 + 5*k - 6. Let a be p(-6). Suppose i + 0*n - 3*n - 29 = a, i + 4*n + 6 = 0. Does 14 divide i?
True
Let h = -12 - -248. Let i = h - 101. Suppose i = 3*m + 2*m. Does 16 divide m?
False
Suppose -3*p = 2*p - 1820. Is 16 a factor of p?
False
Let h = 168 - 96. Is 16 a factor of h?
False
Let j(b) = b**2. Let d be j(-7). Let z = d - 17. Does 18 divide z?
False
Does 13 divide (-237)/(-15) + (-3)/(-15)?
False
Let p be (-105)/(-1) + 3 + 0. Suppose -z = -5*z + p. Is z a multiple of 9?
True
Suppose -16 = -5*n - 6. Suppose x + 0*h = -4*h - 12, x - 12 = n*h. Suppose -12 = -x*j, -5*r - 3*j = 62